{"id":1859,"date":"2024-04-02T09:43:53","date_gmt":"2024-04-02T09:43:53","guid":{"rendered":"https:\/\/remind-project.eu\/?page_id=1859"},"modified":"2024-04-02T09:44:53","modified_gmt":"2024-04-02T09:44:53","slug":"dare-agli-studenti-vet-scuole-professionali-le-competenze-di-imprenditorialita-sociale","status":"publish","type":"page","link":"https:\/\/remind-project.eu\/index.php\/it\/dare-agli-studenti-vet-scuole-professionali-le-competenze-di-imprenditorialita-sociale\/","title":{"rendered":"Dare agli studenti VET (scuole professionali) le competenze di imprenditorialit\u00e0 sociale"},"content":{"rendered":"\t\t<div data-elementor-type=\"wp-page\" data-elementor-id=\"1859\" class=\"elementor elementor-1859\">\n\t\t\t\t\t\t<section class=\"elementor-section elementor-top-section elementor-element elementor-element-7bfff89 elementor-section-boxed elementor-section-height-default elementor-section-height-default\" data-id=\"7bfff89\" data-element_type=\"section\" data-e-type=\"section\" data-settings=\"{&quot;background_background&quot;:&quot;classic&quot;,&quot;shape_divider_bottom&quot;:&quot;mountains&quot;}\">\n\t\t\t\t\t\t\t<div class=\"elementor-background-overlay\"><\/div>\n\t\t\t\t\t\t<div class=\"elementor-shape elementor-shape-bottom\" aria-hidden=\"true\" data-negative=\"false\">\n\t\t\t<svg xmlns=\"http:\/\/www.w3.org\/2000\/svg\" viewBox=\"0 0 1000 100\" preserveAspectRatio=\"none\">\n\t<path class=\"elementor-shape-fill\" opacity=\"0.33\" d=\"M473,67.3c-203.9,88.3-263.1-34-320.3,0C66,119.1,0,59.7,0,59.7V0h1000v59.7 c0,0-62.1,26.1-94.9,29.3c-32.8,3.3-62.8-12.3-75.8-22.1C806,49.6,745.3,8.7,694.9,4.7S492.4,59,473,67.3z\"\/>\n\t<path class=\"elementor-shape-fill\" opacity=\"0.66\" d=\"M734,67.3c-45.5,0-77.2-23.2-129.1-39.1c-28.6-8.7-150.3-10.1-254,39.1 s-91.7-34.4-149.2,0C115.7,118.3,0,39.8,0,39.8V0h1000v36.5c0,0-28.2-18.5-92.1-18.5C810.2,18.1,775.7,67.3,734,67.3z\"\/>\n\t<path class=\"elementor-shape-fill\" d=\"M766.1,28.9c-200-57.5-266,65.5-395.1,19.5C242,1.8,242,5.4,184.8,20.6C128,35.8,132.3,44.9,89.9,52.5C28.6,63.7,0,0,0,0 h1000c0,0-9.9,40.9-83.6,48.1S829.6,47,766.1,28.9z\"\/>\n<\/svg>\t\t<\/div>\n\t\t\t\t\t<div class=\"elementor-container elementor-column-gap-default\">\n\t\t\t\t\t<div class=\"elementor-column elementor-col-100 elementor-top-column elementor-element elementor-element-aeb3c87\" data-id=\"aeb3c87\" data-element_type=\"column\" data-e-type=\"column\">\n\t\t\t<div class=\"elementor-widget-wrap elementor-element-populated\">\n\t\t\t\t\t\t<div class=\"elementor-element elementor-element-1f3dc79 elementor-widget__width-initial elementor-widget elementor-widget-spacer\" data-id=\"1f3dc79\" data-element_type=\"widget\" data-e-type=\"widget\" data-widget_type=\"spacer.default\">\n\t\t\t\t<div class=\"elementor-widget-container\">\n\t\t\t\t\t\t\t<div class=\"elementor-spacer\">\n\t\t\t<div class=\"elementor-spacer-inner\"><\/div>\n\t\t<\/div>\n\t\t\t\t\t\t<\/div>\n\t\t\t\t<\/div>\n\t\t\t\t<div class=\"elementor-element elementor-element-42d70de elementor-widget elementor-widget-heading\" data-id=\"42d70de\" data-element_type=\"widget\" data-e-type=\"widget\" data-widget_type=\"heading.default\">\n\t\t\t\t<div class=\"elementor-widget-container\">\n\t\t\t\t\t<h2 class=\"elementor-heading-title elementor-size-default\">Dare agli studenti VET (scuole professionali) le competenze di imprenditorialit\u00e0 sociale\n<\/h2>\t\t\t\t<\/div>\n\t\t\t\t<\/div>\n\t\t\t\t<div class=\"elementor-element elementor-element-a53367f elementor-widget elementor-widget-spacer\" data-id=\"a53367f\" data-element_type=\"widget\" data-e-type=\"widget\" data-widget_type=\"spacer.default\">\n\t\t\t\t<div class=\"elementor-widget-container\">\n\t\t\t\t\t\t\t<div class=\"elementor-spacer\">\n\t\t\t<div class=\"elementor-spacer-inner\"><\/div>\n\t\t<\/div>\n\t\t\t\t\t\t<\/div>\n\t\t\t\t<\/div>\n\t\t\t\t\t<\/div>\n\t\t<\/div>\n\t\t\t\t\t<\/div>\n\t\t<\/section>\n\t\t\t\t<section class=\"elementor-section elementor-top-section elementor-element elementor-element-9ffed03 elementor-section-boxed elementor-section-height-default elementor-section-height-default\" data-id=\"9ffed03\" data-element_type=\"section\" data-e-type=\"section\">\n\t\t\t\t\t\t<div class=\"elementor-container elementor-column-gap-default\">\n\t\t\t\t\t<div class=\"elementor-column elementor-col-100 elementor-top-column elementor-element elementor-element-75b5399\" data-id=\"75b5399\" data-element_type=\"column\" data-e-type=\"column\">\n\t\t\t<div class=\"elementor-widget-wrap elementor-element-populated\">\n\t\t\t\t\t\t<div class=\"elementor-element elementor-element-9e1c5ee elementor-widget elementor-widget-spacer\" data-id=\"9e1c5ee\" data-element_type=\"widget\" data-e-type=\"widget\" data-widget_type=\"spacer.default\">\n\t\t\t\t<div class=\"elementor-widget-container\">\n\t\t\t\t\t\t\t<div class=\"elementor-spacer\">\n\t\t\t<div class=\"elementor-spacer-inner\"><\/div>\n\t\t<\/div>\n\t\t\t\t\t\t<\/div>\n\t\t\t\t<\/div>\n\t\t\t\t<section class=\"elementor-section elementor-inner-section elementor-element elementor-element-67d1911 elementor-section-boxed elementor-section-height-default elementor-section-height-default\" data-id=\"67d1911\" data-element_type=\"section\" data-e-type=\"section\">\n\t\t\t\t\t\t<div class=\"elementor-container elementor-column-gap-default\">\n\t\t\t\t\t<div class=\"elementor-column elementor-col-50 elementor-inner-column elementor-element elementor-element-70ca431\" data-id=\"70ca431\" data-element_type=\"column\" data-e-type=\"column\">\n\t\t\t<div class=\"elementor-widget-wrap elementor-element-populated\">\n\t\t\t\t\t\t<div class=\"elementor-element elementor-element-48df04b elementor-widget__width-initial elementor-widget elementor-widget-text-editor\" data-id=\"48df04b\" data-element_type=\"widget\" data-e-type=\"widget\" data-widget_type=\"text-editor.default\">\n\t\t\t\t<div class=\"elementor-widget-container\">\n\t\t\t\t\t\t\t\t\t<p><\/p><p><span style=\"font-weight: 400;\">Nel panorama in continua evoluzione dell&#8217;istruzione e formazione professionale (IFP), l&#8217;importanza delle competenze di imprenditorialit\u00e0 sociale non pu\u00f2 essere sopravvalutata. Poich\u00e9 gli studenti dell&#8217;istruzione e della formazione professionale si preparano a entrare in un mondo caratterizzato da rapidi progressi tecnologici e da complesse problematiche sociali, \u00e8 necessario dotarli di un insieme di competenze diversificate che vadano oltre il tradizionale apprendimento accademico. Tra le competenze cruciali per il successo in un&#8217;economia sociale vi sono la proattivit\u00e0, le abilit\u00e0 umane, la tolleranza allo stress, la creativit\u00e0, la pianificazione e l&#8217;organizzazione, nonch\u00e9 il lavoro di squadra e la cooperazione.<\/span><\/p><p><\/p>\t\t\t\t\t\t\t\t<\/div>\n\t\t\t\t<\/div>\n\t\t\t\t\t<\/div>\n\t\t<\/div>\n\t\t\t\t<div class=\"elementor-column elementor-col-50 elementor-inner-column elementor-element elementor-element-96013b5\" data-id=\"96013b5\" data-element_type=\"column\" data-e-type=\"column\">\n\t\t\t<div class=\"elementor-widget-wrap elementor-element-populated\">\n\t\t\t\t\t\t<div class=\"elementor-element elementor-element-f87aa04 elementor-widget elementor-widget-image\" data-id=\"f87aa04\" data-element_type=\"widget\" data-e-type=\"widget\" data-widget_type=\"image.default\">\n\t\t\t\t<div class=\"elementor-widget-container\">\n\t\t\t\t\t\t\t\t\t\t\t\t\t\t\t<img fetchpriority=\"high\" decoding=\"async\" width=\"1024\" height=\"688\" src=\"https:\/\/remind-project.eu\/wp-content\/uploads\/2024\/04\/city-committed-education-collage-concept-1024x688.jpg\" class=\"attachment-large size-large wp-image-1792\" alt=\"\" srcset=\"https:\/\/remind-project.eu\/wp-content\/uploads\/2024\/04\/city-committed-education-collage-concept-1024x688.jpg 1024w, https:\/\/remind-project.eu\/wp-content\/uploads\/2024\/04\/city-committed-education-collage-concept-300x202.jpg 300w, https:\/\/remind-project.eu\/wp-content\/uploads\/2024\/04\/city-committed-education-collage-concept-768x516.jpg 768w, https:\/\/remind-project.eu\/wp-content\/uploads\/2024\/04\/city-committed-education-collage-concept-1536x1033.jpg 1536w, https:\/\/remind-project.eu\/wp-content\/uploads\/2024\/04\/city-committed-education-collage-concept-2048x1377.jpg 2048w, https:\/\/remind-project.eu\/wp-content\/uploads\/2024\/04\/city-committed-education-collage-concept-720x484.jpg 720w\" sizes=\"(max-width: 1024px) 100vw, 1024px\" \/>\t\t\t\t\t\t\t\t\t\t\t\t\t\t\t<\/div>\n\t\t\t\t<\/div>\n\t\t\t\t\t<\/div>\n\t\t<\/div>\n\t\t\t\t\t<\/div>\n\t\t<\/section>\n\t\t\t\t<div class=\"elementor-element elementor-element-3071ecb elementor-widget elementor-widget-text-editor\" data-id=\"3071ecb\" data-element_type=\"widget\" data-e-type=\"widget\" data-widget_type=\"text-editor.default\">\n\t\t\t\t<div class=\"elementor-widget-container\">\n\t\t\t\t\t\t\t\t\t<p><\/p><p><b>Proattivit\u00e0: Guidare il cambiamento attraverso l&#8217;iniziativa<\/b><\/p><p><span style=\"font-weight: 400;\">La proattivit\u00e0 consiste nel prendere l&#8217;iniziativa e nell&#8217;essere proattivi nell&#8217;identificare sfide e opportunit\u00e0. Nel contesto dell&#8217;imprenditorialit\u00e0 sociale, gli studenti di IFP proattivi possono svolgere un ruolo centrale nell&#8217;affrontare i bisogni della comunit\u00e0, creando soluzioni innovative e sostenendo un cambiamento positivo all&#8217;interno dei loro settori professionali. Anticipando le tendenze e adottando misure proattive, si posizionano come agenti del cambiamento piuttosto che come osservatori passivi.<\/span><\/p><p>\u00a0<\/p><p><b>Abilit\u00e0 umane: Costruire reti di collaborazione<\/b><\/p><p>\u00a0<\/p><p><span style=\"font-weight: 400;\">Una comunicazione efficace e le capacit\u00e0 interpersonali sono fondamentali per stabilire connessioni significative e costruire reti di collaborazione. Gli studenti di IFP devono confrontarsi con diversi interlocutori, come datori di lavoro, colleghi, responsabili politici e membri della comunit\u00e0. Forti abilit\u00e0 interpersonali consentono loro di gestire relazioni complesse, negoziare in modo efficace e promuovere la collaborazione con le persone.<\/span><\/p><p>\u00a0<\/p><p><b>Tolleranza allo stress: Resilienza nelle avversit\u00e0<\/b><\/p><p><span style=\"font-weight: 400;\">Il percorso dell&#8217;imprenditorialit\u00e0, sia essa sociale o commerciale, \u00e8 spesso irto di sfide e incertezze. Sviluppare la tolleranza allo stress e la resilienza \u00e8 essenziale per gli studenti dell&#8217;IFP che incontrano ostacoli e battute d&#8217;arresto lungo il loro percorso professionale. Coltivando strategie di coping, cercando mentorship e mantenendo una mentalit\u00e0 positiva, possono affrontare le avversit\u00e0 con resilienza e continuare a perseguire i loro obiettivi con determinazione.<\/span><\/p><p><b>Creativit\u00e0: Sbloccare soluzioni innovative<\/b><\/p><p><span style=\"font-weight: 400;\">La creativit\u00e0 \u00e8 un potente motore dell&#8217;innovazione e della risoluzione dei problemi. Gli studenti IFP che pensano in modo creativo possono immaginare nuove possibilit\u00e0, progettare soluzioni innovative e adattarsi efficacemente ai cambiamenti. Che si tratti di sviluppare nuovi programmi di formazione, progettare ambienti di apprendimento inclusivi o sfruttare la tecnologia per lo sviluppo delle competenze, la creativit\u00e0 alimenta la loro capacit\u00e0 di avere un impatto significativo nei loro settori professionali.<\/span><\/p><p><b>Pianificazione e organizzazione: Trasformare la visione in azione<\/b><\/p><p><span style=\"font-weight: 400;\">Un&#8217;efficace capacit\u00e0 di pianificazione e organizzazione \u00e8 essenziale per tradurre le idee in piani attuabili. Gli studenti IFP devono imparare a fissare gli obiettivi, a stabilire le priorit\u00e0, ad allocare le risorse in modo efficiente e a gestire le tempistiche in modo efficace. Sviluppando piani strutturati e monitorando i progressi, migliorano la loro capacit\u00e0 di eseguire con successo i progetti e di raggiungere i risultati desiderati nel panorama dell&#8217;imprenditoria sociale.<\/span><\/p><p><b>Lavoro di squadra e cooperazione: Eccellenza collaborativa<\/b><\/p><p><span style=\"font-weight: 400;\">La collaborazione \u00e8 una pietra miliare del successo nel settore dell&#8217;imprenditoria sociale. Gli studenti dell&#8217;IFP devono abbracciare il lavoro di squadra, la cooperazione e la risoluzione collettiva dei problemi per affrontare le complesse sfide della societ\u00e0. Lavorando in team diversi, possono sfruttare le competenze, le prospettive e le risorse collettive per creare soluzioni scalabili e sostenibili a beneficio delle comunit\u00e0 e delle industrie.<\/span><\/p><p><b>L&#8217;impatto pi\u00f9 ampio delle competenze di imprenditorialit\u00e0 sociale<\/b><\/p><p><span style=\"font-weight: 400;\">Sebbene l&#8217;attenzione alle competenze di imprenditorialit\u00e0 sociale prepari gli studenti dell&#8217;istruzione e della formazione professionale a intraprendere attivit\u00e0 imprenditoriali, queste competenze hanno applicazioni pi\u00f9 ampie in vari settori professionali. Che si tratti di carriere nel settore dell&#8217;ospitalit\u00e0, dell&#8217;informatica, della sanit\u00e0 o dell&#8217;edilizia, la capacit\u00e0 di essere proattivi, di comunicare efficacemente, di gestire lo stress, di pensare in modo creativo, di pianificare strategicamente e di collaborare con gli altri rimane un valore inestimabile.<\/span><\/p><p><span style=\"font-weight: 400;\">In sostanza, l&#8217;integrazione delle competenze di imprenditorialit\u00e0 sociale nell&#8217;istruzione IFP consente agli studenti di diventare professionisti proattivi, innovativi e socialmente responsabili. Affinando queste competenze, gli studenti dell&#8217;IFP non solo migliorano la loro occupabilit\u00e0 e il loro potenziale imprenditoriale, ma contribuiscono anche in modo significativo ad affrontare le sfide della societ\u00e0 e a promuovere una crescita economica inclusiva.<\/span><\/p><p><\/p>\t\t\t\t\t\t\t\t<\/div>\n\t\t\t\t<\/div>\n\t\t\t\t\t<\/div>\n\t\t<\/div>\n\t\t\t\t\t<\/div>\n\t\t<\/section>\n\t\t\t\t<section class=\"elementor-section elementor-top-section elementor-element elementor-element-137e08c elementor-section-boxed elementor-section-height-default elementor-section-height-default\" data-id=\"137e08c\" data-element_type=\"section\" data-e-type=\"section\">\n\t\t\t\t\t\t<div class=\"elementor-container elementor-column-gap-default\">\n\t\t\t\t\t<div class=\"elementor-column elementor-col-33 elementor-top-column elementor-element elementor-element-298e9af\" data-id=\"298e9af\" data-element_type=\"column\" data-e-type=\"column\">\n\t\t\t<div class=\"elementor-widget-wrap elementor-element-populated\">\n\t\t\t\t\t\t<div class=\"elementor-element elementor-element-e3006bb elementor-widget elementor-widget-spacer\" data-id=\"e3006bb\" data-element_type=\"widget\" data-e-type=\"widget\" data-widget_type=\"spacer.default\">\n\t\t\t\t<div class=\"elementor-widget-container\">\n\t\t\t\t\t\t\t<div class=\"elementor-spacer\">\n\t\t\t<div class=\"elementor-spacer-inner\"><\/div>\n\t\t<\/div>\n\t\t\t\t\t\t<\/div>\n\t\t\t\t<\/div>\n\t\t\t\t<div class=\"elementor-element elementor-element-692c934 elementor-widget elementor-widget-image\" data-id=\"692c934\" data-element_type=\"widget\" data-e-type=\"widget\" data-widget_type=\"image.default\">\n\t\t\t\t<div class=\"elementor-widget-container\">\n\t\t\t\t\t\t\t\t\t\t\t\t\t\t\t<img decoding=\"async\" width=\"300\" height=\"67\" src=\"https:\/\/remind-project.eu\/wp-content\/uploads\/2022\/01\/era-300x67-1.png\" class=\"attachment-large size-large wp-image-120\" alt=\"\" \/>\t\t\t\t\t\t\t\t\t\t\t\t\t\t\t<\/div>\n\t\t\t\t<\/div>\n\t\t\t\t<div class=\"elementor-element elementor-element-cd0d870 elementor-widget elementor-widget-text-editor\" data-id=\"cd0d870\" data-element_type=\"widget\" data-e-type=\"widget\" data-widget_type=\"text-editor.default\">\n\t\t\t\t<div class=\"elementor-widget-container\">\n\t\t\t\t\t\t\t\t\t<p>Finanziato dall&#8217;Unione europea. Le opinioni espresse appartengono, tuttavia, al solo o ai soli autori e non riflettono necessariamente le opinioni dell&#8217;Unione europea o dell\u2019Agenzia esecutiva europea per l\u2019istruzione e la cultura (EACEA). N\u00e9 l&#8217;Unione europea n\u00e9 l&#8217;EACEA possono esserne ritenute responsabili. 2021-1-NO01-KA220-VET-000033203<\/p>\t\t\t\t\t\t\t\t<\/div>\n\t\t\t\t<\/div>\n\t\t\t\t\t<\/div>\n\t\t<\/div>\n\t\t\t\t<div class=\"elementor-column elementor-col-33 elementor-top-column elementor-element elementor-element-ef8d422\" data-id=\"ef8d422\" data-element_type=\"column\" data-e-type=\"column\">\n\t\t\t<div class=\"elementor-widget-wrap\">\n\t\t\t\t\t\t\t<\/div>\n\t\t<\/div>\n\t\t\t\t<div class=\"elementor-column elementor-col-33 elementor-top-column elementor-element elementor-element-84da8ff\" data-id=\"84da8ff\" data-element_type=\"column\" data-e-type=\"column\">\n\t\t\t<div class=\"elementor-widget-wrap elementor-element-populated\">\n\t\t\t\t\t\t<div class=\"elementor-element elementor-element-6503621 elementor-widget elementor-widget-spacer\" data-id=\"6503621\" data-element_type=\"widget\" data-e-type=\"widget\" data-widget_type=\"spacer.default\">\n\t\t\t\t<div class=\"elementor-widget-container\">\n\t\t\t\t\t\t\t<div class=\"elementor-spacer\">\n\t\t\t<div class=\"elementor-spacer-inner\"><\/div>\n\t\t<\/div>\n\t\t\t\t\t\t<\/div>\n\t\t\t\t<\/div>\n\t\t\t\t<div class=\"elementor-element elementor-element-91746ce elementor-widget elementor-widget-image\" data-id=\"91746ce\" data-element_type=\"widget\" data-e-type=\"widget\" data-widget_type=\"image.default\">\n\t\t\t\t<div class=\"elementor-widget-container\">\n\t\t\t\t\t\t\t\t\t\t\t\t\t\t\t\t<a href=\"http:\/\/remind-project.eu\/\">\n\t\t\t\t\t\t\t<img decoding=\"async\" width=\"101\" height=\"101\" src=\"https:\/\/remind-project.eu\/wp-content\/uploads\/2022\/01\/xxxxsmall.png\" class=\"attachment-thumbnail size-thumbnail wp-image-11\" alt=\"\" \/>\t\t\t\t\t\t\t\t<\/a>\n\t\t\t\t\t\t\t\t\t\t\t\t\t\t\t<\/div>\n\t\t\t\t<\/div>\n\t\t\t\t<div class=\"elementor-element elementor-element-d27aaa4 elementor-widget elementor-widget-text-editor\" data-id=\"d27aaa4\" data-element_type=\"widget\" data-e-type=\"widget\" data-widget_type=\"text-editor.default\">\n\t\t\t\t<div class=\"elementor-widget-container\">\n\t\t\t\t\t\t\t\t\t<a style=\"color: #073b4c;\" href=\"http:\/\/remind-project.eu\/index.php\/terms-of-use\/\" target=\"_blank\" rel=\"noopener\">Terms of Use<\/a>\t\t\t\t\t\t\t\t<\/div>\n\t\t\t\t<\/div>\n\t\t\t\t<div class=\"elementor-element elementor-element-17531aa elementor-shape-circle e-grid-align-right elementor-grid-0 elementor-widget elementor-widget-social-icons\" data-id=\"17531aa\" data-element_type=\"widget\" data-e-type=\"widget\" data-widget_type=\"social-icons.default\">\n\t\t\t\t<div class=\"elementor-widget-container\">\n\t\t\t\t\t\t\t<div class=\"elementor-social-icons-wrapper elementor-grid\" role=\"list\">\n\t\t\t\t\t\t\t<span class=\"elementor-grid-item\" role=\"listitem\">\n\t\t\t\t\t<a class=\"elementor-icon elementor-social-icon elementor-social-icon-instagram elementor-animation-grow elementor-repeater-item-3985a65\" href=\"https:\/\/www.instagram.com\/remind.project22\/\" target=\"_blank\">\n\t\t\t\t\t\t<span class=\"elementor-screen-only\">Instagram<\/span>\n\t\t\t\t\t\t<i aria-hidden=\"true\" class=\"fab fa-instagram\"><\/i>\t\t\t\t\t<\/a>\n\t\t\t\t<\/span>\n\t\t\t\t\t\t\t<span class=\"elementor-grid-item\" role=\"listitem\">\n\t\t\t\t\t<a class=\"elementor-icon elementor-social-icon elementor-social-icon-facebook elementor-animation-grow elementor-repeater-item-e5ffdf7\" href=\"https:\/\/www.facebook.com\/r.e.mind.eu\/\" target=\"_blank\">\n\t\t\t\t\t\t<span class=\"elementor-screen-only\">Facebook<\/span>\n\t\t\t\t\t\t<i aria-hidden=\"true\" class=\"fab fa-facebook\"><\/i>\t\t\t\t\t<\/a>\n\t\t\t\t<\/span>\n\t\t\t\t\t\t\t<span class=\"elementor-grid-item\" role=\"listitem\">\n\t\t\t\t\t<a class=\"elementor-icon elementor-social-icon elementor-social-icon-linkedin-in elementor-animation-grow elementor-repeater-item-bf98e96\" href=\"https:\/\/www.linkedin.com\/showcase\/82002459\/admin\/\" target=\"_blank\">\n\t\t\t\t\t\t<span class=\"elementor-screen-only\">Linkedin-in<\/span>\n\t\t\t\t\t\t<i aria-hidden=\"true\" class=\"fab fa-linkedin-in\"><\/i>\t\t\t\t\t<\/a>\n\t\t\t\t<\/span>\n\t\t\t\t\t<\/div>\n\t\t\t\t\t\t<\/div>\n\t\t\t\t<\/div>\n\t\t\t\t\t<\/div>\n\t\t<\/div>\n\t\t\t\t\t<\/div>\n\t\t<\/section>\n\t\t\t\t<section class=\"elementor-section elementor-top-section elementor-element elementor-element-23668f3 elementor-section-boxed elementor-section-height-default elementor-section-height-default\" data-id=\"23668f3\" data-element_type=\"section\" data-e-type=\"section\">\n\t\t\t\t\t\t<div class=\"elementor-container elementor-column-gap-default\">\n\t\t\t\t\t<div class=\"elementor-column elementor-col-100 elementor-top-column elementor-element elementor-element-def60a1\" data-id=\"def60a1\" data-element_type=\"column\" data-e-type=\"column\">\n\t\t\t<div class=\"elementor-widget-wrap elementor-element-populated\">\n\t\t\t\t\t\t<div class=\"elementor-element elementor-element-b9f35c8 elementor-widget-divider--view-line elementor-widget elementor-widget-divider\" data-id=\"b9f35c8\" data-element_type=\"widget\" data-e-type=\"widget\" data-widget_type=\"divider.default\">\n\t\t\t\t<div class=\"elementor-widget-container\">\n\t\t\t\t\t\t\t<div class=\"elementor-divider\">\n\t\t\t<span class=\"elementor-divider-separator\">\n\t\t\t\t\t\t<\/span>\n\t\t<\/div>\n\t\t\t\t\t\t<\/div>\n\t\t\t\t<\/div>\n\t\t\t\t\t<\/div>\n\t\t<\/div>\n\t\t\t\t\t<\/div>\n\t\t<\/section>\n\t\t\t\t<section class=\"elementor-section elementor-top-section elementor-element elementor-element-9e020e1 elementor-section-boxed elementor-section-height-default elementor-section-height-default\" data-id=\"9e020e1\" data-element_type=\"section\" data-e-type=\"section\">\n\t\t\t\t\t\t<div class=\"elementor-container elementor-column-gap-default\">\n\t\t\t\t\t<div class=\"elementor-column elementor-col-33 elementor-top-column elementor-element elementor-element-d4cc90c\" data-id=\"d4cc90c\" data-element_type=\"column\" data-e-type=\"column\">\n\t\t\t<div class=\"elementor-widget-wrap elementor-element-populated\">\n\t\t\t\t\t\t<div class=\"elementor-element elementor-element-4ad8140 elementor-widget elementor-widget-text-editor\" data-id=\"4ad8140\" data-element_type=\"widget\" data-e-type=\"widget\" data-widget_type=\"text-editor.default\">\n\t\t\t\t<div class=\"elementor-widget-container\">\n\t\t\t\t\t\t\t\t\t<span style=\"color: #000; font-family: Poppins, sans-serif; font-size: 15px;\">Copyright \u00a9 2022 RE.Mind. All Rights Reserved<\/span>\t\t\t\t\t\t\t\t<\/div>\n\t\t\t\t<\/div>\n\t\t\t\t\t<\/div>\n\t\t<\/div>\n\t\t\t\t<div class=\"elementor-column elementor-col-33 elementor-top-column elementor-element elementor-element-e9b10ce\" data-id=\"e9b10ce\" data-element_type=\"column\" data-e-type=\"column\">\n\t\t\t<div class=\"elementor-widget-wrap\">\n\t\t\t\t\t\t\t<\/div>\n\t\t<\/div>\n\t\t\t\t<div class=\"elementor-column elementor-col-33 elementor-top-column elementor-element elementor-element-b3d5982\" data-id=\"b3d5982\" data-element_type=\"column\" data-e-type=\"column\">\n\t\t\t<div class=\"elementor-widget-wrap elementor-element-populated\">\n\t\t\t\t\t\t<div class=\"elementor-element elementor-element-c79ba81 elementor-widget elementor-widget-text-editor\" data-id=\"c79ba81\" data-element_type=\"widget\" data-e-type=\"widget\" data-widget_type=\"text-editor.default\">\n\t\t\t\t<div class=\"elementor-widget-container\">\n\t\t\t\t\t\t\t\t\t<span style=\"color: #000; font-family: Poppins, sans-serif; font-size: 15px; text-align: right;\">Powered by\u00a0<\/span><a style=\"color: #000; background-color: #ffffff; font-family: Poppins, sans-serif; font-size: 15px; text-align: right;\" href=\"https:\/\/innovationhive.eu\/\" target=\"_blank\" rel=\"noopener\">Innovation Hive<\/a>\t\t\t\t\t\t\t\t<\/div>\n\t\t\t\t<\/div>\n\t\t\t\t\t<\/div>\n\t\t<\/div>\n\t\t\t\t\t<\/div>\n\t\t<\/section>\n\t\t\t\t<\/div>\n\t\t","protected":false},"excerpt":{"rendered":"<p>Dare agli studenti VET (scuole professionali) le competenze di imprenditorialit\u00e0 sociale Nel panorama in continua evoluzione dell&#8217;istruzione e formazione professionale [&hellip;]<\/p>\n","protected":false},"author":1,"featured_media":0,"parent":0,"menu_order":0,"comment_status":"closed","ping_status":"closed","template":"page-templates\/template_page-builder.php","meta":{"_monsterinsights_skip_tracking":false,"_monsterinsights_sitenote_active":false,"_monsterinsights_sitenote_note":"","_monsterinsights_sitenote_category":0,"_uf_show_specific_survey":0,"_uf_disable_surveys":false,"footnotes":""},"class_list":["post-1859","page","type-page","status-publish","hentry"],"aioseo_notices":[],"_links":{"self":[{"href":"https:\/\/remind-project.eu\/index.php\/wp-json\/wp\/v2\/pages\/1859","targetHints":{"allow":["GET"]}}],"collection":[{"href":"https:\/\/remind-project.eu\/index.php\/wp-json\/wp\/v2\/pages"}],"about":[{"href":"https:\/\/remind-project.eu\/index.php\/wp-json\/wp\/v2\/types\/page"}],"author":[{"embeddable":true,"href":"https:\/\/remind-project.eu\/index.php\/wp-json\/wp\/v2\/users\/1"}],"replies":[{"embeddable":true,"href":"https:\/\/remind-project.eu\/index.php\/wp-json\/wp\/v2\/comments?post=1859"}],"version-history":[{"count":4,"href":"https:\/\/remind-project.eu\/index.php\/wp-json\/wp\/v2\/pages\/1859\/revisions"}],"predecessor-version":[{"id":1863,"href":"https:\/\/remind-project.eu\/index.php\/wp-json\/wp\/v2\/pages\/1859\/revisions\/1863"}],"wp:attachment":[{"href":"https:\/\/remind-project.eu\/index.php\/wp-json\/wp\/v2\/media?parent=1859"}],"curies":[{"name":"wp","href":"https:\/\/api.w.org\/{rel}","templated":true}]}}